n factor of 88 and 66.
22
Calculate the greatest common factor of 16 and 14.
2
What is the greatest common factor of 2472 and 24?
24
What is the greatest common factor of 38182 and 68?
34
Calculate the greatest common divisor of 192 and 636.
12
What is the highest common divisor of 40 and 2768?
8
Calculate the greatest common divisor of 329 and 47.
47
What is the greatest common divisor of 90 and 8490?
30
Calculate the greatest common divisor of 16 and 39344.
16
Calculate the highest common divisor of 94 and 8.
2
Calculate the highest common divisor of 714 and 14.
14
What is the greatest common divisor of 85 and 85?
85
What is the highest common factor of 64 and 72?
8
What is the highest common divisor of 71 and 73769?
71
Calculate the greatest common factor of 518 and 90.
2
What is the greatest common divisor of 230 and 46?
46
What is the highest common divisor of 1868 and 16?
4
What is the greatest common divisor of 35 and 7?
7
What is the highest common divisor of 258 and 946?
86
Calculate the greatest common divisor of 40 and 124.
4
Calculate the highest common divisor of 114 and 1216.
38
What is the greatest common factor of 128 and 16?
16
What is the greatest common factor of 12 and 297?
3
What is the highest common factor of 25619 and 187?
187
What is the greatest common factor of 143 and 55?
11
What is the greatest common divisor of 25 and 1325?
25
Calculate the highest common factor of 24 and 894.
6
What is the greatest common divisor of 17 and 391?
17
Calculate the greatest common factor of 880 and 121.
11
What is the highest common factor of 210 and 294?
42
Calculate the greatest common factor of 123 and 222.
3
What is the greatest common divisor of 48 and 1800?
24
What is the greatest common divisor of 64 and 1456?
16
What is the greatest common factor of 212 and 48548?
212
Calculate the highest common divisor of 2548 and 588.
196
What is the highest common divisor of 372 and 192?
12
What is the greatest common divisor of 84 and 1372?
28
What is the highest common factor of 589 and 76?
19
Calculate the greatest common factor of 35 and 95.
5
What is the greatest common factor of 65 and 195?
65
What is the greatest common divisor of 9 and 486?
9
What is the greatest common divisor of 740 and 20?
20
Calculate the greatest common factor of 280 and 20.
20
Calculate the greatest common divisor of 6660 and 1295.
185
What is the highest common divisor of 312 and 195?
39
What is the highest common divisor of 295 and 40?
5
What is the greatest common divisor of 27 and 72?
9
Calculate the highest common divisor of 1620 and 60.
60
Calculate the greatest common divisor of 3497 and 91.
13
Calculate the highest common factor of 77 and 352.
11
What is the greatest common divisor of 7 and 119?
7
What is the highest common factor of 9250 and 74?
74
What is the greatest common factor of 245 and 10?
5
What is the greatest common factor of 31 and 2263?
31
Calculate the greatest common factor of 171 and 225.
9
What is the highest common factor of 837 and 27?
27
Calculate the greatest common factor of 1 and 128.
1
What is the greatest common divisor of 16627 and 13?
13
Calculate the greatest common factor of 24 and 49056.
24
What is the greatest common factor of 207 and 117?
9
What is the highest common divisor of 663 and 1122?
51
What is the greatest common factor of 450 and 9?
9
What is the greatest common divisor of 8937 and 27?
27
Calculate the highest common divisor of 22373 and 13.
13
What is the greatest common divisor of 82 and 410?
82
What is the highest common divisor of 112 and 32?
16
Calculate the greatest common divisor of 34 and 68.
34
Calculate the greatest common divisor of 20 and 17840.
20
Calculate the highest common divisor of 3290 and 50.
10
Calculate the highest common divisor of 76 and 2166.
38
Calculate the highest common divisor of 5255 and 5.
5
Calculate the greatest common factor of 264 and 6600.
264
What is the highest common divisor of 175 and 28?
7
Calculate the highest common divisor of 12 and 9.
3
Calculate the greatest common divisor of 144 and 688.
16
Calculate the greatest common factor of 1269 and 1833.
141
Calculate the greatest common factor of 122 and 4.
2
What is the highest common divisor of 1376 and 86?
86
What is the greatest common factor of 3042 and 3744?
234
Calculate the highest common factor of 220 and 33.
11
Calculate the greatest common factor of 665 and 1805.
95
What is the highest common divisor of 144 and 88?
8
What is the highest common divisor of 553 and 14?
7
Calculate the highest common divisor of 188 and 235.
47
Calculate the highest common divisor of 2185 and 4140.
115
What is the greatest common factor of 230 and 1702?
46
What is the highest common divisor of 1029 and 98?
49
What is the highest common divisor of 4067 and 56?
7
What is the greatest common divisor of 54307 and 11?
11
What is the highest common factor of 5 and 4?
1
What is the greatest common factor of 142 and 32518?
142
What is the highest common factor of 196 and 721?
7
Calculate the highest common factor of 24 and 408.
24
Calculate the greatest common factor of 315 and 693.
63
Calculate the highest common factor of 24 and 288.
24
What is the greatest common divisor of 24225 and 85?
85
Calculate the greatest common divisor of 22 and 55.
11
What is the greatest common factor of 4286 and 4?
2
Calculate the highest common divisor of 1491 and 84.
21
What is the greatest common divisor of 2091 and 51?
51
What is the highest common divisor of 1504 and 96?
32
Calculate the highest common divisor of 437 and 133.
19
What is the highest common factor of 2034 and 18?
18
Calculate the highest common divisor of 5166 and 126.
126
Calculate the greatest common factor of 25 and 51600.
25
Calculate the highest common factor of 63 and 112.
7
What is the highest common factor of 153 and 4716?
9
What is the greatest common factor of 348 and 24?
12
What is the highest common factor of 12848 and 88?
88
Calculate the highest common factor of 11 and 154.
11
Calculate the highest common factor of 25 and 175.
25
What is the highest common divisor of 275 and 22?
11
Calculate the highest common divisor of 1112 and 32.
8
What is the greatest common divisor of 407 and 555?
37
What is the greatest common factor of 780 and 117?
39
What is the highest common divisor of 39096 and 27?
27
Calculate the greatest common factor of 760 and 40.
40
Calculate the highest common divisor of 7310 and 1190.
170
Calculate the highest common factor of 9389 and 41.
41
Calculate the highest common factor of 15 and 145.
5
What is the greatest common divisor of 2 and 118?
2
Calculate the greatest common divisor of 5440 and 85.
85
Calculate the highest common factor of 216 and 1026.
54
Calculate the greatest common divisor of 4 and 128.
4
Calculate the highest common divisor of 95 and 646.
19
Calculate the greatest common divisor of 960 and 64.
64
Calculate the highest common divisor of 245 and 70.
35
What is the greatest common divisor of 11118 and 1020?
102
What is the greatest common factor of 6 and 42?
6
Calculate the highest common factor of 60 and 60.
60
What is the greatest common divisor of 11 and 77?
11
What is the greatest common divisor of 120 and 5?
5
Calculate the highest common divisor of 30 and 17790.
30
What is the highest common divisor of 117 and 18?
9
What is the highest common divisor of 15 and 3075?
15
Calculate the highest common divisor of 26 and 702.
26
Calculate the highest common factor of 116 and 4553.
29
Calculate the greatest common factor of 195 and 260.
65
What is the greatest common factor of 43 and 1591?
43
Calculate the greatest common factor of 16 and 213.
1
What is the highest common factor of 1525 and 549?
61
Calculate the highest common divisor of 135 and 105.
15
Calculate the highest common factor of 82 and 205.
41
What is the highest common divisor of 42 and 10080?
42
What is the greatest common divisor of 86 and 774?
86
Calculate the highest common factor of 363 and 99.
33
Calculate the highest common factor of 3654 and 210.
42
What is the greatest common divisor of 1375 and 99?
11
What is the greatest common divisor of 11 and 1793?
11
Calculate the highest common divisor of 301 and 129.
43
What is the highest common factor of 817 and 38?